der when 14941 is divided by 710.
31
Calculate the remainder when 9205 is divided by 2298.
13
What is the remainder when 344769 is divided by 366?
363
Calculate the remainder when 27564 is divided by 196.
124
Calculate the remainder when 40235 is divided by 2913.
2366
Calculate the remainder when 100660 is divided by 31.
3
What is the remainder when 1095 is divided by 822?
273
Calculate the remainder when 1324669 is divided by 74.
69
What is the remainder when 14978 is divided by 7411?
156
What is the remainder when 66440 is divided by 3163?
17
What is the remainder when 5746 is divided by 831?
760
What is the remainder when 389817 is divided by 15?
12
Calculate the remainder when 8555 is divided by 63.
50
What is the remainder when 702560 is divided by 1524?
1520
Calculate the remainder when 23945 is divided by 311.
309
Calculate the remainder when 12991 is divided by 213.
211
What is the remainder when 17514 is divided by 12?
6
Calculate the remainder when 6244 is divided by 5171.
1073
What is the remainder when 5094 is divided by 574?
502
What is the remainder when 198399 is divided by 99197?
5
What is the remainder when 1992 is divided by 41?
24
What is the remainder when 619 is divided by 544?
75
Calculate the remainder when 193169 is divided by 141.
140
What is the remainder when 20488 is divided by 104?
0
What is the remainder when 24408 is divided by 228?
12
Calculate the remainder when 14025 is divided by 6983.
59
What is the remainder when 119030 is divided by 33?
32
Calculate the remainder when 2023671 is divided by 241.
235
What is the remainder when 263 is divided by 57?
35
Calculate the remainder when 501 is divided by 286.
215
What is the remainder when 113 is divided by 54?
5
What is the remainder when 8730 is divided by 96?
90
Calculate the remainder when 4501 is divided by 66.
13
What is the remainder when 123669 is divided by 66?
51
Calculate the remainder when 178132 is divided by 28.
24
Calculate the remainder when 16237 is divided by 46.
45
Calculate the remainder when 3962 is divided by 71.
57
Calculate the remainder when 1476 is divided by 306.
252
What is the remainder when 19133 is divided by 455?
23
What is the remainder when 37993 is divided by 37991?
2
What is the remainder when 3980 is divided by 3448?
532
What is the remainder when 95302 is divided by 91?
25
Calculate the remainder when 8030 is divided by 502.
500
Calculate the remainder when 154065 is divided by 11.
10
Calculate the remainder when 74329 is divided by 27.
25
Calculate the remainder when 14602 is divided by 14575.
27
Calculate the remainder when 2966714 is divided by 1149.
1145
What is the remainder when 11110 is divided by 24?
22
Calculate the remainder when 12477 is divided by 303.
54
Calculate the remainder when 6536 is divided by 253.
211
What is the remainder when 72667 is divided by 12105?
37
What is the remainder when 10381 is divided by 35?
21
Calculate the remainder when 156731 is divided by 30.
11
Calculate the remainder when 314237 is divided by 116.
109
What is the remainder when 31969 is divided by 10653?
10
Calculate the remainder when 1276 is divided by 921.
355
Calculate the remainder when 58971 is divided by 5.
1
What is the remainder when 25113 is divided by 21?
18
What is the remainder when 9715 is divided by 729?
238
What is the remainder when 7881 is divided by 129?
12
What is the remainder when 7109 is divided by 3554?
1
Calculate the remainder when 4513 is divided by 1222.
847
Calculate the remainder when 12240 is divided by 1127.
970
Calculate the remainder when 56477 is divided by 1614.
1601
What is the remainder when 632953 is divided by 93?
88
Calculate the remainder when 2250 is divided by 2231.
19
What is the remainder when 37637 is divided by 5360?
117
Calculate the remainder when 32349 is divided by 11.
9
What is the remainder when 1580 is divided by 222?
26
Calculate the remainder when 59046 is divided by 27.
24
What is the remainder when 6493 is divided by 901?
186
What is the remainder when 45507 is divided by 15?
12
Calculate the remainder when 53919 is divided by 209.
206
Calculate the remainder when 109269 is divided by 867.
27
Calculate the remainder when 13108 is divided by 571.
546
What is the remainder when 786 is divided by 1?
0
Calculate the remainder when 43190 is divided by 254.
10
What is the remainder when 248863 is divided by 14?
13
What is the remainder when 457934 is divided by 13?
9
Calculate the remainder when 7900 is divided by 3885.
130
Calculate the remainder when 26482 is divided by 552.
538
What is the remainder when 5572 is divided by 510?
472
Calculate the remainder when 196 is divided by 17.
9
Calculate the remainder when 6876 is divided by 51.
42
Calculate the remainder when 35224 is divided by 17607.
10
What is the remainder when 4510 is divided by 2668?
1842
What is the remainder when 41210 is divided by 102?
2
What is the remainder when 75809 is divided by 285?
284
Calculate the remainder when 100811 is divided by 5.
1
What is the remainder when 94524 is divided by 550?
474
Calculate the remainder when 2353 is divided by 113.
93
What is the remainder when 97894 is divided by 17?
8
Calculate the remainder when 318276 is divided by 6.
0
Calculate the remainder when 20847 is divided by 47.
26
Calculate the remainder when 242398 is divided by 120.
118
Calculate the remainder when 209564 is divided by 19.
13
Calculate the remainder when 7993 is divided by 160.
153
What is the remainder when 473586 is divided by 197?
195
Calculate the remainder when 100676 is divided by 6.
2
Calculate the remainder when 8653 is divided by 626.
515
Calculate the remainder when 195736 is divided by 34.
32
What is the remainder when 112001 is divided by 3?
2
Calculate the remainder when 2494 is divided by 2482.
12
What is the remainder when 2454 is divided by 408?
6
What is the remainder when 2257 is divided by 137?
65
What is the remainder when 544080 is divided by 154?
152
What is the remainder when 9138 is divided by 2510?
1608
Calculate the remainder when 7762 is divided by 101.
86
What is the remainder when 6507 is divided by 98?
39
Calculate the remainder when 285070 is divided by 95020.
10
Calculate the remainder when 11666 is divided by 240.
146
What is the remainder when 106651 is divided by 32?
27
What is the remainder when 206896 is divided by 661?
3
Calculate the remainder when 3007 is divided by 167.
1
Calculate the remainder when 1829 is divided by 1430.
399
What is the remainder when 21204 is divided by 210?
204
Calculate the remainder when 3026 is divided by 1136.
754
What is the remainder when 29769 is divided by 26?
25
Calculate the remainder when 40498 is divided by 405.
403
What is the remainder when 16492 is divided by 285?
247
What is the remainder when 11670 is divided by 118?
106
What is the remainder when 2430 is divided by 598?
38
Calculate the remainder when 16056 is divided by 116.
48
What is the remainder when 9141 is divided by 86?
25
Calculate the remainder when 379997 is divided by 100.
97
Calculate the remainder when 2582 is divided by 1294.
1288
What is the remainder when 2279 is divided by 677?
248
What is the remainder when 3355 is divided by 112?
107
Calculate the remainder when 27198 is divided by 7.
3
What is the remainder when 1364 is divided by 329?
48
Calculate the remainder when 197 is divided by 85.
27
Calculate the remainder when 225442 is divided by 46.
42
What is the remainder when 3739 is divided by 32?
27
Calculate the remainder when 72384 is divided by 15.
9
Calculate the remainder when 2777 is divided by 187.
159
What is the remainder when 20271 is divided by 44?
31
Calculate the remainder when 135735 is divided by 48.
39
What is the remainder when 6460 is divided by 3226?
8
What is the remainder when 41256 is divided by 1087?
1037
Calculate the remainder when 9358 is divided by 3107.
37
What is the remainder when 422161 is divided by 30154?
5
What is the remainder when 439807 is divided by 114?
109
Calculate the remainder when 7652 is divided by 7322.
330
What is the remainder when 142155 is divided by 10?
5
What is the remainder when 2018 is divided by 396?
38
What is the remainder when 128570 is divided by 42851?
17
Calculate the remainder when 6343 is